4 + 36) - (65 - 1)
-72
What is -4 + 21 - (-530 - -569)?
-22
23 + 0 + 3 - (9 - -18 - 4 - 15)
18
Calculate (9 - (93 + -84)) + (-55 - -1).
-54
Evaluate -26 + 63 + (0 - 18) - (-2 + -2 - 2).
25
Calculate -2 + -2 - (24 + -24 + -9) - -44.
49
What is -28 - -48 - (-22 + -39) - 12?
69
Evaluate -84 - -33 - (-35 + 7).
-23
Calculate 44 - 1 - (-43 - (-37 + -1)).
48
Evaluate 9 - (-45 + 12 + 1 + 35 + -37).
43
What is 20 + (-7 - (4 + -3)) + 6?
18
Evaluate 97 - 96 - ((-12 - -18) + -49).
44
What is (-14 + 12 + -7 - 52) + 18?
-43
38 - (0 - 19 - -119) - -8
-54
Evaluate -1 - (48 + 13 - 23).
-39
What is 14 + -12 + 20 - (21 - (13 + -3))?
11
What is -21 + -97 + 112 + 124?
118
23 - 3 - (641 + -664)
43
11 + (-26 - -25) - 101
-91
Evaluate 1 + (-11 + 11 - -8) - -25.
34
What is the value of -3 - 25 - -21 - (-34 - -68)?
-41
What is (-42 + -4 - -38 - -11) + (-4 - (3 + -2))?
-2
What is 4704 + -4795 + 17 + -2?
-76
What is 45 - ((-4 - 8) + 1 + 9)?
47
Evaluate (28 - (27 + -42 - -43)) + (2 + 1 - -22).
25
Calculate 7 + (9 + -2 - -5) - 11.
8
What is -15 + -17 + 7 + 18 + -4?
-11
Evaluate 43 - (10 - (-38 + 34)).
29
9 - (-26 + 11 - 18)
42
What is 0 - 3 - (-6 - -12 - (16 + 2)) - -38?
47
Evaluate 9 + -10 + (15 - -8) + -36.
-14
What is -53 - (77 + -77 - 36)?
-17
What is the value of 20 - (14 + (2 - 0) + (253 - 212))?
-37
Evaluate -40 + 7 + 35 + (-44 - -3).
-39
Calculate 13 + 10 + (60 - 17).
66
Evaluate 88 + (22 + 7 - 41).
76
What is the value of (-91 + (-2 - 3) + 5 - 8) + -6 + 11?
-94
Evaluate 17 + -6 + (45 + 7 + -22 - -12).
53
Calculate ((71 - 80) + 130 + 16 - (1 - -10)) + 16.
142
Calculate (-1 + -1 - 23) + 3365 + -3353.
-13
What is the value of -45 - (-30 + 6) - -7?
-14
What is the value of 1044 + -1032 - (-22 - 0)?
34
What is the value of 14 - (31 + (-20 - (-17 - -9))) - (-5 - -34)?
-34
What is (46 - 127) + 96 + (0 - 66)?
-51
-3 + 54 - (220 - (33 + 144))
8
What is (6 - 6) + -9 - (-61 + 6 + 3 + -9)?
52
What is (15 - -4) + (1 - 18 - -10) + -1 + 4?
15
Evaluate -10 + (-1 - -3) - (-385 + 360).
17
Calculate 4 + -103 + 32 + 41.
-26
-55 + -7 + -231 + 236
-57
Evaluate (87 - (-82 - -1)) + -86.
82
-23 + -23 + -5 - -26
-25
-52 + -5 + 62 - (-1 + -1) - -64
71
What is the value of -43 + 9 + 12 - (32 + -62)?
8
Evaluate (-15 - 0 - (-26 + 37 - 20)) + 21.
15
What is the value of 108 + -43 - (12 + -7)?
60
Evaluate -5 + (-7 - -24) + (1 - 15 - (-68 + 58)).
8
Evaluate -21 - (-51 + 27) - (0 + -1 + -2 - 30).
36
Evaluate 8 + (-2 - (8 - 19 - -19)) + 37.
35
102 - (-46 + (-122 - -390))
-120
Evaluate 126 + -10 + 46 + -30 + -13 + 5.
124
What is -35 + -19 + 61 + 6?
13
2 + -3 - ((2 - 7) + -4 - -14 - -41)
-47
What is the value of -30 + 8 + (32 - 4) + 10 + 0?
16
Evaluate -95 - (-13 - (24 + -5 + -6 + -15) - 1).
-83
(-7 - -12) + -39 + 27 - (2 + -97)
88
Evaluate -27 + 13 + (1 - 18 - (22 + -31)).
-22
138 + (-92 - (-67 - -66))
47
What is (5 - ((5 - 5 - 4) + -3)) + (-217 - -208)?
3
-105 + (140 - (-98 + 203))
-70
-29 + -3 + -347 + 449
70
What is the value of -30 - (9 - (-5 - (-1 + -3)))?
-40
What is -8 - 47 - (155 - 174)?
-36
What is (0 - -1 - 15) + 236 + (190 - 304)?
108
(-214 - -211) + 3 + (31 - (-4 - 1))
36
What is 978 + -1009 - (-81 - -6)?
44
Evaluate -35 + -41 + 23 + 102.
49
Evaluate -1 + -53 - (-1340 - -1305).
-19
-256 + 288 + 12 + -10 + 10 + 3
47
Evaluate -73 + (-73 - -86) - -84.
24
What is 45 - 123 - (0 - (14 - 2))?
-66
Evaluate (-2 - (1 + -20) - -19) + 8.
44
Evaluate (20 - -1) + 14 + 23 + -99.
-41
-40 - -74 - (-2 + -30 + -31)
97
Calculate -1 + (51 + 57 - (80 + -72 - (6 + 0))).
105
What is 18 - (74 + 13 + -23)?
-46
What is the value of 12 - (-17 + -38 + 116)?
-49
Evaluate -2 + (1 + 13 - 23) - -41 - -6.
36
Calculate -1595 + 1508 + (2 - (-4 + -20)).
-61
(-21 + 3 - 6) + 20 + -1
-5
44 - -5 - (93 - (176 + 22))
154
What is the value of (-66 - -43) + 30 + -15 + 11?
3
Calculate -1 - -94 - (30333 - 30355).
115
Evaluate -12 - (1 - (15 + -16) - (-56 - (-1 - 1))).
-68
Evaluate -55 + -1 + (-24 - (20 - 22 - 17)) + 9.
-52
(-81 - (13 - 75)) + (-6 - 1)
-26
What is (-13 - (-13 - 23)) + 117?
140
What is the value of -2 + -7 - (838 + -817)?
-30
Calculate (-7 + -3 - (-2 + -5 + 6)) + -16.
-25
What is the value of (-4 - -1) + (-7 - (-15 + -6 + 8)) + -6?
-3
What is 69 + (83 - (-6 + 101))?
57
Calculate -106 - (-105 + 34 + -17).
-18
-8 + (15 + -31 - 8)
-32
Evaluate 14 - (5 + 80 + -76 + (2 - (-3 + 83))).
83
Calculate -42 + -43 + 53 + -12.
-44
-74 + 16 + -12 + 15 - -19
-36
-8 - -3 - -69 - (13 - (3 - 0))
54
Calculate -34 - (-9 + -4 + (-7 - -22) - -12).
-48
What is 9 + -70 + -16 + (-4 + 20 - -1)?
-60
What is (18 - (15 + -17 + 22)) + (0 - 61) + 3?
-60
Evaluate -9 + -20 + 1 + 18 + -1.
-11
What is the value of (4 - 7) + -2080 + 2030?
-53
1054 + -1086 + 36 + -1
3
What is -78 + (28 - (28 - 15) - (-15 + 21))?
-69
What is 102 + -7 + 5 + (0 + -4 - (-474 - -478))?
92
Evaluate (0 - 1 - 6 - -8) + 334 + -237.
98
What is the value of (10 - 2) + (-2 - -3) + -3041 + 3017?
-15
What is the value of (10 - (-6 - (7 - 36))) + (17 - 22)?
-18
What is the value of (-34 - (51 - 12)) + 9?
-64
Evaluate 84 - 91 - (-4 + 6).
-9
What is the value of (0 + -1 + -5 - (-88 - -112)) + -2?
-32
Evaluate (-2 - 2) + 59 + -58 + -6 + 2.
-7
What is (-8 + -37 - -111) + -48?
18
What is 4 + 5 + (3 + (7 - 0) - (4 - -3))?
12
What is (2 - -2) + (4 - (-11 + -16 - 10))?
45
What is 32 - 2 - (3323 - 3287)?
-6
Calculate -53 - (33 + (-36 - (-2 - 4)) + 14).
-70
What is the value of -28 - (-57 + 71) - ((1 - 3) + 1)?
-41
-16 - -5 - ((-350 - -355) + -1 + 5)
-20
-21 - (-56 + (-21 - -34))
22
Calculate 28 + (-60 + 39 - (-8 + 8)).
7
What is (-167 + 170 - (-2 + 3)) + (2 - 1 - 3)?
0
What is (-10 - -21) + 11 + 10 + -32 + -9?
-9
Calculate -5 - (-4 - 5 - -119) - (-195 + 210).
-130
Calculate -2 + -2 + (7 + -7 + -9 + 26 - 69).
-56
Evaluate (-1 - (-12 + -7)) + 6 + -14.
10
Calculate -13776 + 13717 - (-61 + -1).
3
What is (-13 + -9 - (1 + -11)) + 28?
16
20 - (11 - (4 - 103))
-90
(-13 + 6 - 6) + -5 + -1 + 6
-13
Evaluate -11 + 1 + -67 + (-22 - -63).
-36
46 + 13 + -3 + (-4 - -35) + -21
66
What is the value of 18 + 49 + -33 + -49 + -54?
-69
What is -58 + (23 - -24) + -39 + -1 - 15?
-66
What is the value of (22 + -18 - -10) + -10 + -6?
-2
What is 61 + (41 - (85 - 17))?
34
Calculate -174 + (100 + -71 - -41).
-104
(-1 - (-4 - -7) - 13) + -17 + 65
31
Evaluate 18 - (0 + 9 - (206 + -173)).
42
What is the value of (-16 + 63 - 45) + -2 + -4 - (-1 + -50)?
47
Calculate -46 - ((18 - 18) + -55 + 57).
-48
Calculate (1 - (0 + 51)) + 102 + (-52 - 53).
-53
What is the value of 21 + -1 - (-849 - -874)?
-5
Calculate 45 + 71 - -13 - (12 + 0).
117
What is (-45 - -2) + 8 + -1 + 1 + 5 - -13?
-17
Calculate (-1 - (-13 + -6 + 18)) + (16 - (-2 - -7)).
11
Evaluate -125 + (-1 - 0) + (-10 - (-12 + 26 + -26)).
-124
What is (20 - 1) + 1 + (285 - 291)?
14
What is the value of -23 - -1 - (-6 - 1 - ((-11 - -24) + -23))?
-25
What is the value of ((1 - -9 - 12) + -11 - -8) + 29?
24
14 + 78 - (67 + (9 - 46))
62
What is the value of 0 + -2 - ((-33 - (-6 + 23 - 11)) + -17)?
54
-24 - (-1 + 7 + 2) - 9 - -1 - 10
-50
What is the value of 31 + 37 + -45 + 9 + 3?
35
What is -11 + 3 + 3 - ((-227 - -259) + (4 - 0))?
-41
89 + -128 - (1 - 5 - 8)
-27
Calculate 74 - (87 - 89) - 107.
-31
What is (-2 - (11 + (-5 - -9) + -15)) + 14?
12
Calculate -1 + -26 + 2 + (1 - 28 - (201 - 226)).
-27
What is the value of 10 + -2 - ((-1459 - -1425) + (-2 - -115))?
-71
Evaluate (30 - -108) + (-23 + 14 - 16 - -23).
136
-7 - (-20 + 74 + -22)
-39
Evaluate (4 - -6 - -18) + 0 - (174 + -192).
46
Evaluate -29 - 2 - (-148 - -66) - (-1 - -2).
50
31 + -9 - (19 + (-18 - -17))
4
Calculate -23 + 136 + 9 + 15 + -46.
91
Calculate (49 + -98 - 7) + 66.
10
What is (0 - -3) + (104 - 56 - 71)?
-20
Calculate (-29 - -18 - -25) + 13 + (-3 - 29).
-5
What is the value of -26 - ((-8 - 10) + 18)?
-26
What is the value of 1 + 1 + -10 - (-210 + 182 - (-1 + -48))?
-29
What is the value of 81 + (38 - 203 - -65)?
-19
-1003 - -987 - (-1 - 47)
32
What is -86 + -2 - (-2246 - -2199)?
-41
What is -11 + (41 - 16) - -50?
64
What is the value of (120 - 2) + -4513 + 4315?
-80
61 + -65 + 65 + -64
-3
Calculate -8 + 12 + -27 - -30.
7
Calculate 0 + 0 + (-4 - -34) + -48 + 32 + -27.
-13
Evaluate 12 - -3 - ((-24 - -94) + -34).
-21
142 - 121 - 82 - -91
30
Calculate 6 - (7 - 9 - -1 - -5) - 7.
-5
What is (3 - (-22 - -9)) + (-76 - (7 + 